ivided by 39?
37
Calculate the remainder when 1965 is divided by 11.
7
Calculate the remainder when 508 is divided by 73.
70
Calculate the remainder when 779 is divided by 12.
11
Calculate the remainder when 323 is divided by 304.
19
What is the remainder when 353 is divided by 93?
74
What is the remainder when 95 is divided by 24?
23
Calculate the remainder when 897 is divided by 150.
147
Calculate the remainder when 150 is divided by 17.
14
Calculate the remainder when 139 is divided by 47.
45
Calculate the remainder when 1104 is divided by 270.
24
Calculate the remainder when 152 is divided by 52.
48
What is the remainder when 614 is divided by 61?
4
What is the remainder when 297 is divided by 292?
5
What is the remainder when 4545 is divided by 91?
86
What is the remainder when 376 is divided by 38?
34
Calculate the remainder when 116 is divided by 13.
12
Calculate the remainder when 437 is divided by 140.
17
Calculate the remainder when 454 is divided by 38.
36
What is the remainder when 8815 is divided by 28?
23
What is the remainder when 2150 is divided by 19?
3
Calculate the remainder when 258 is divided by 20.
18
What is the remainder when 1484 is divided by 47?
27
What is the remainder when 18101 is divided by 355?
351
Calculate the remainder when 305 is divided by 41.
18
Calculate the remainder when 1327 is divided by 133.
130
What is the remainder when 41 is divided by 11?
8
Calculate the remainder when 2277 is divided by 30.
27
Calculate the remainder when 729 is divided by 52.
1
Calculate the remainder when 385 is divided by 9.
7
Calculate the remainder when 1127 is divided by 88.
71
What is the remainder when 75 is divided by 55?
20
What is the remainder when 35 is divided by 2?
1
Calculate the remainder when 113 is divided by 38.
37
What is the remainder when 872 is divided by 20?
12
What is the remainder when 393 is divided by 22?
19
What is the remainder when 313 is divided by 21?
19
What is the remainder when 214 is divided by 50?
14
Calculate the remainder when 100 is divided by 2.
0
Calculate the remainder when 447 is divided by 45.
42
Calculate the remainder when 341 is divided by 1.
0
Calculate the remainder when 270 is divided by 56.
46
What is the remainder when 11062 is divided by 93?
88
What is the remainder when 411 is divided by 139?
133
Calculate the remainder when 76 is divided by 8.
4
What is the remainder when 4216 is divided by 4215?
1
Calculate the remainder when 734 is divided by 65.
19
What is the remainder when 306 is divided by 31?
27
What is the remainder when 314 is divided by 24?
2
Calculate the remainder when 4015 is divided by 103.
101
Calculate the remainder when 66 is divided by 14.
10
What is the remainder when 1529 is divided by 90?
89
What is the remainder when 249 is divided by 21?
18
Calculate the remainder when 1900 is divided by 1896.
4
Calculate the remainder when 342 is divided by 53.
24
What is the remainder when 86 is divided by 37?
12
Calculate the remainder when 50 is divided by 6.
2
Calculate the remainder when 269 is divided by 4.
1
Calculate the remainder when 6417 is divided by 49.
47
Calculate the remainder when 436 is divided by 21.
16
What is the remainder when 139 is divided by 35?
34
Calculate the remainder when 3834 is divided by 14.
12
What is the remainder when 313 is divided by 15?
13
What is the remainder when 142 is divided by 23?
4
Calculate the remainder when 19869 is divided by 184.
181
What is the remainder when 19087 is divided by 46?
43
What is the remainder when 75 is divided by 67?
8
What is the remainder when 295 is divided by 8?
7
Calculate the remainder when 658 is divided by 81.
10
Calculate the remainder when 979 is divided by 20.
19
Calculate the remainder when 168 is divided by 46.
30
What is the remainder when 210 is divided by 62?
24
What is the remainder when 148 is divided by 40?
28
Calculate the remainder when 76 is divided by 11.
10
What is the remainder when 4692 is divided by 4?
0
Calculate the remainder when 676 is divided by 119.
81
What is the remainder when 20 is divided by 11?
9
What is the remainder when 203 is divided by 11?
5
What is the remainder when 763 is divided by 137?
78
Calculate the remainder when 491 is divided by 124.
119
What is the remainder when 231 is divided by 67?
30
Calculate the remainder when 88 is divided by 24.
16
Calculate the remainder when 108 is divided by 33.
9
What is the remainder when 224 is divided by 26?
16
Calculate the remainder when 680 is divided by 318.
44
Calculate the remainder when 242 is divided by 81.
80
Calculate the remainder when 480 is divided by 44.
40
What is the remainder when 335 is divided by 10?
5
Calculate the remainder when 329 is divided by 80.
9
Calculate the remainder when 381 is divided by 32.
29
What is the remainder when 132 is divided by 36?
24
What is the remainder when 7481 is divided by 55?
1
Calculate the remainder when 152 is divided by 17.
16
What is the remainder when 39 is divided by 4?
3
Calculate the remainder when 1159 is divided by 83.
80
Calculate the remainder when 6474 is divided by 81.
75
Calculate the remainder when 1553 is divided by 7.
6
Calculate the remainder when 413 is divided by 46.
45
What is the remainder when 272 is divided by 21?
20
Calculate the remainder when 11 is divided by 1.
0
Calculate the remainder when 2287 is divided by 682.
241
Calculate the remainder when 78 is divided by 26.
0
What is the remainder when 13286 is divided by 103?
102
Calculate the remainder when 248 is divided by 37.
26
What is the remainder when 329 is divided by 33?
32
What is the remainder when 908 is divided by 91?
89
Calculate the remainder when 151 is divided by 40.
31
Calculate the remainder when 190 is divided by 126.
64
What is the remainder when 1289 is divided by 639?
11
What is the remainder when 84 is divided by 20?
4
What is the remainder when 445 is divided by 64?
61
Calculate the remainder when 1173 is divided by 7.
4
Calculate the remainder when 98 is divided by 34.
30
What is the remainder when 28 is divided by 3?
1
What is the remainder when 46 is divided by 37?
9
What is the remainder when 180 is divided by 26?
24
What is the remainder when 719 is divided by 24?
23
Calculate the remainder when 514 is divided by 12.
10
What is the remainder when 127 is divided by 105?
22
What is the remainder when 109 is divided by 7?
4
Calculate the remainder when 955 is divided by 120.
115
What is the remainder when 3357 is divided by 105?
102
What is the remainder when 1032 is divided by 74?
70
What is the remainder when 399 is divided by 27?
21
Calculate the remainder when 2122 is divided by 56.
50
What is the remainder when 640 is divided by 43?
38
Calculate the remainder when 135 is divided by 70.
65
Calculate the remainder when 546 is divided by 140.
126
Calculate the remainder when 350 is divided by 90.
80
Calculate the remainder when 269 is divided by 39.
35
What is the remainder when 530 is divided by 73?
19
Calculate the remainder when 76 is divided by 53.
23
What is the remainder when 46 is divided by 35?
11
Calculate the remainder when 1148 is divided by 24.
20
What is the remainder when 8428 is divided by 6?
4
Calculate the remainder when 2944 is divided by 93.
61
What is the remainder when 141 is divided by 6?
3
What is the remainder when 501 is divided by 101?
97
Calculate the remainder when 2693 is divided by 449.
448
Calculate the remainder when 198 is divided by 185.
13
What is the remainder when 3298 is divided by 24?
10
What is the remainder when 218 is divided by 60?
38
Calculate the remainder when 426 is divided by 11.
8
What is the remainder when 3697 is divided by 5?
2
Calculate the remainder when 108 is divided by 87.
21
What is the remainder when 106 is divided by 35?
1
Calculate the remainder when 385 is divided by 21.
7
Calculate the remainder when 14 is divided by 3.
2
What is the remainder when 248 is divided by 59?
12
Calculate the remainder when 132 is divided by 34.
30
What is the remainder when 41 is divided by 11?
8
What is the remainder when 134 is divided by 71?
63
Calculate the remainder when 1 is divided by 1.
0
What is the remainder when 733 is divided by 119?
19
Calculate the remainder when 171 is divided by 51.
18
What is the